est common factor of 11 and g?
11
Suppose 3*a + 231 = 3*k + 2*k, -4*k - 5*a = -207. What is the greatest common divisor of k and 16?
16
Let d be 3/(12/38)*14. Suppose 4*w = -4*y + 104, -d = -4*w - 2*y - 29. What is the highest common divisor of 13 and w?
13
Let o = -14 - -17. Suppose 2*b - 647 = -5*a + 5*b, 385 = o*a - 5*b. Calculate the greatest common divisor of 52 and a.
26
Let g be (7 + -5)/(2/(-4)). Let m = g + 6. What is the highest common factor of 2 and m?
2
Let x be -4 + (-54)/(-12) + 318/4. Suppose a - 15 = 17. What is the greatest common factor of x and a?
16
Let j = 39 + -15. What is the highest common divisor of j and 24?
24
Let y be ((-4)/4)/(((-8)/60)/2). Calculate the highest common divisor of 5 and y.
5
Let o(l) = -l**3 + 8*l**2 + l + 9. Let k be o(4). What is the highest common factor of k and 22?
11
Let q be (-27)/2 - 6/4. Let s be 1 + 5/(q/(-18)). What is the greatest common divisor of 49 and s?
7
Let f(k) = -k**2 - 7*k. Let p be f(-7). Suppose p = -5*h - 0 + 10. Let v be (1 - (h - 0))*-2. Calculate the greatest common factor of v and 16.
2
Let b = 9 - 63. Let c = b - -84. Let l = 22 + c. What is the highest common factor of l and 13?
13
Let c = -15 - -14. Let j(x) = 16*x**2 - x - 1. Let l be j(c). Calculate the highest common factor of 48 and l.
16
Suppose 0 = -2*x - 2*x + 4*m + 20, -2*m - 16 = -4*x. Suppose -4*i - 2 = 3*s, 18 = -s - 2*i + 5*i. Let a = x - s. What is the highest common factor of a and 18?
9
Suppose 3*h - 4 = 2. Let b(n) = -n**3 - 4*n**2 - 3*n - 2. Let v be b(-4). Calculate the highest common factor of v and h.
2
Let f(n) = n**3 - 11*n**2 + 14*n + 24. Let c be f(10). Calculate the highest common factor of c and 8.
8
Suppose -390 = -5*u + 2*p - p, 4*u - 333 = 5*p. What is the greatest common factor of 7 and u?
7
Suppose 0 = 2*q - 7 - 35. Calculate the highest common factor of q and 3.
3
Let f(w) be the first derivative of -w**3/3 - 2*w**2 + 3*w + 4. Let d be f(-4). What is the highest common factor of d and 21?
3
Let h(y) = -5*y + 3. Let s be h(0). Calculate the highest common divisor of 33 and s.
3
Let i(p) = 0*p**3 + p**3 - p**2 - 4*p**2. Let o be i(5). Let w be 6/(3 + (-2 - o)). Calculate the highest common divisor of 6 and w.
6
Suppose -2*m - 90 = -6*m + 2*l, -4*l - 60 = -3*m. What is the highest common divisor of m and 12?
12
Let g = 35 - 21. Suppose -5*q + 2*v = 231, 0*q - 5*v = 4*q + 198. Let k = -33 - q. Calculate the highest common divisor of g and k.
14
Let l(v) = v**3 + 4*v**2 - 3*v - 4. Let n = 3 - 7. Let w be l(n). Calculate the highest common divisor of 32 and w.
8
Suppose 1036 = 4*y - 428. Suppose -z = 2*z - y. Let c = z + -82. Calculate the greatest common divisor of c and 5.
5
Let y(t) = 35*t - 5. Let l be y(3). What is the greatest common factor of 10 and l?
10
Suppose -2*p + 3*k = 19, p = 5*p + k + 17. Let t(o) = 4*o - o**2 - 3 + 3*o**2 + 9 + 0*o**2. Let w be t(p). What is the greatest common divisor of w and 90?
18
Suppose 4*g - 1 = 19. Suppose 8*w - 3*w = 0. Suppose 30 = -w*r + r. Calculate the greatest common divisor of r and g.
5
Let s(a) = 29*a**2 - a. Let l be s(-1). Suppose -i + l = i. Suppose -4*m + 9 = -11. Calculate the greatest common factor of i and m.
5
Let w(d) = -4 - 3*d + 4 + 5*d - d**3 + 7*d**2. Let z be w(7). Suppose -2*p = -3*c + 8*c - z, p = -3. What is the greatest common factor of c and 6?
2
Let k(x) = -5*x + 13. Let h(p) = p. Let l(j) = -3*h(j) - k(j). Let g be l(10). What is the highest common factor of 7 and g?
7
Let c be 38 + (-4)/(2/1). Suppose 0*m = -4*m - c. Let g be 3/m*-2*21. What is the greatest common factor of 42 and g?
14
Suppose -4*c + 16 = 4*y, y + 3*c - 7*c = -1. What is the highest common factor of 27 and y?
3
Suppose -13 = -4*a - 2*w + 135, a - 44 = -4*w. Let m = -20 + a. Suppose 2*j = 180 + 108. Calculate the highest common factor of m and j.
16
Suppose -4*n = -h - 36, -n + 6*h = 3*h - 20. Suppose b = -3*w - b - 41, -6 = -3*b. Let g be w/(-2) - (-2)/4. Calculate the highest common divisor of g and n.
8
Suppose -90*i + 20 = -86*i. What is the highest common divisor of 45 and i?
5
Let g be (-15)/(-5)*(-4)/(-3). Suppose -42 = -g*o - 14. Calculate the greatest common divisor of 28 and o.
7
Suppose -2*c = -1 - 13. Suppose -y = -2*y + c. What is the highest common divisor of 7 and y?
7
Let w(f) = f**2 - 10*f + 3. Let j be w(9). Let d be j/18 - 55/(-3). Calculate the highest common factor of 18 and d.
18
Suppose 2*d + 2*d - 96 = 4*t, -3*t = 15. Calculate the greatest common factor of 133 and d.
19
Let s = 3 + 6. Suppose -2*d + 122 + 40 = 0. Calculate the highest common factor of s and d.
9
Let b(l) = -3*l - 1. Let z be b(1). Let k(x) = -4*x**2 + 4*x. Let j be k(z). Let a be (1/((-1)/j))/1. Calculate the greatest common factor of a and 10.
10
Let p(m) = m**2 - 3*m + 1. Let k be p(2). Let t be (0 + k)/(2/(-48)). Let w = -16 + t. What is the highest common factor of 8 and w?
8
Let h(d) = d - 6. Let i be h(11). Let c be (-380)/(-3)*6/i. Let o(s) = -20*s**3 - s**2. Let n be o(-1). Calculate the highest common divisor of c and n.
19
Let i(a) be the second derivative of a**4/6 + a**2 - 3*a. Let z be i(2). Let v be (-782)/(-7) + z/35. Calculate the highest common factor of v and 14.
14
Let f be (-18)/((20/6)/(-5)). What is the greatest common factor of 9 and f?
9
Let q be (-13 + -44)*(-1)/3. Let a = 67 - q. Calculate the highest common factor of 32 and a.
16
Let m = 17 + -9. Let i be m/(-8)*(2 - 15). What is the highest common divisor of i and 52?
13
Suppose 6*i = -4*i + 40. What is the greatest common factor of i and 22?
2
Let m = -14 + 25. Let j(x) = x**2 + 6*x + 5. Let b be j(-5). Suppose 1 = 3*c - y, 5*c - 1 = 2*y - b. Calculate the greatest common divisor of m and c.
1
Let h be 24/36 - 1844/(-6). Let p be 777/28 + (-1)/(-4). Calculate the greatest common divisor of h and p.
28
Let h be (-1)/(-4) + 571/4. Let m = -2 - -15. Calculate the highest common factor of m and h.
13
Let f(a) = -a**3 - 7*a**2 - 4*a - 10. Let k be f(-7). Calculate the highest common factor of 198 and k.
18
Suppose -7*a + 150 = -5*a. Suppose 5*m - 3*n - 157 = 0, 0 = -2*m + n + a - 12. What is the greatest common divisor of 4 and m?
4
Suppose 0*b + 5*b - 150 = 0. What is the greatest common factor of b and 15?
15
Let m be -2 - 11/((-22)/564). Calculate the greatest common divisor of 112 and m.
56
Let p be (3*-1)/((-2)/8). Suppose 4*c - 3*h + 7*h - 28 = 0, -49 = -2*c + 5*h. Calculate the highest common factor of p and c.
12
Let c(q) = 7*q + 1. Let o be c(2). Suppose 0*j - 508 = -4*j + 3*y, -4*j + y + 516 = 0. Let t = j - 70. What is the highest common divisor of t and o?
15
Let h be ((-1804)/(-287))/((-2)/(-7)). Calculate the highest common factor of 242 and h.
22
Let r be 5/(-2)*(-1 - 1). Suppose 5*m = -3*b - b + 3, 0 = -m - r*b - 12. Suppose -16 = -m*o + 29. What is the highest common factor of 5 and o?
5
Suppose -153 = -2*l + 113. Calculate the highest common factor of l and 19.
19
Suppose 8*j - 528 = 4*j. Calculate the greatest common divisor of 33 and j.
33
Let t(o) = 3*o. Let p(n) = -n - 1. Let h(m) = -2*p(m) - t(m). Let v be h(-2). Let c be 250/7 - (-6)/21. Calculate the greatest common factor of c and v.
4
Suppose -110 = -0*b - 5*b. Suppose -6*j + 8 = -2*j. Suppose j*x + 0 - 22 = 0. Calculate the greatest common divisor of b and x.
11
Let r be (40/50)/((-1)/(-25)). Suppose -4*v + 29 = 3*c, 0*c - c - 33 = -4*v. Calculate the greatest common divisor of v and r.
4
Let p be (-2)/6 - 650/(-15). Let t = p - 3. Calculate the highest common divisor of t and 10.
10
Let x be ((-21)/35)/(1/(-15)). Calculate the highest common factor of 27 and x.
9
Suppose 3*y - 3 = 3. Suppose n = y*n - 72. What is the greatest common factor of 48 and n?
24
Let d = -7 + 11. Suppose 0 = 5*y + 2*l - 25, -3*y = -2*y + d*l - 5. Let c be (-2 + (-14)/(-5))*y. Calculate the highest common factor of c and 4.
4
Suppose -2*c = -2*d + 54, -2*d - 3*c = 2*d - 94. What is the greatest common divisor of d and 225?
25
Let s be 17 + (3 - -3) + -3. Let w = -10 + s. What is the greatest common factor of w and 30?
10
Suppose -3*v + 6*v = 42. What is the highest common factor of 14 and v?
14
Suppose -550 = -5*r - 0*r. Suppose -6*c + r = -c. Suppose s + 90 = 4*s + 3*f, 4*s + 3*f - 123 = 0. Calculate the greatest common divisor o